{"id":20,"date":"2022-07-14T00:52:12","date_gmt":"2022-07-13T22:52:12","guid":{"rendered":"http:\/\/eotist-wp.cbk.waw.pl\/?page_id=20"},"modified":"2022-11-05T23:21:42","modified_gmt":"2022-11-05T22:21:42","slug":"contact","status":"publish","type":"page","link":"https:\/\/eotist.cbk.waw.pl\/?page_id=20","title":{"rendered":"Contact"},"content":{"rendered":"\n<div class=\"wp-block-stackable-columns alignfull stk-block-columns stk-block stk-472a08a stk-block-background stk--has-background-overlay\" data-block-id=\"472a08a\"><style>.stk-472a08a{background-color:var(--paletteColor2,#25ad99) !important;background-image:url(https:\/\/eotist.cbk.waw.pl\/wp-content\/uploads\/2022\/07\/eotist_top1.jpg) !important}.stk-472a08a:before{background-color:var(--paletteColor2,#25ad99) !important;opacity:0.5 !important}.stk-472a08a{min-height:163px !important;padding-top:0px !important;display:flex !important}.stk-472a08a{align-items:center !important}<\/style><div class=\"stk-row stk-inner-blocks has-text-align-center stk-block-content stk-content-align stk-472a08a-column alignfull\">\n<div class=\"wp-block-stackable-column stk-block-column stk-column stk-block stk-ac00d86\" data-block-id=\"ac00d86\"><style>.stk-ac00d86 .stk-block-column__content{max-width:1048px !important;min-width:auto !important;padding-top:200px !important;padding-right:35px !important;padding-bottom:100px !important;padding-left:35px !important}<\/style><div class=\"stk-column-wrapper stk-block-column__content stk-container stk-ac00d86-container stk--no-background stk--no-padding\"><div class=\"stk-block-content stk-inner-blocks\">\n<div class=\"wp-block-stackable-heading stk-block-heading stk-block stk-f16b336\" id=\"span-style-color-var-palette-color-8-ffffff-class-stk-highlight-contact-span\" data-block-id=\"f16b336\"><h1 class=\"stk-block-heading__text\"><span style=\"color: var(--paletteColor8, #ffffff);\" class=\"stk-highlight\">Contact<\/span><\/h1><\/div>\n<\/div><\/div><\/div>\n<\/div><\/div>\n\n\n\n<div class=\"wp-block-stackable-columns stk-block-columns stk-block stk-4447142\" data-block-id=\"4447142\"><div class=\"stk-row stk-inner-blocks stk-block-content stk-content-align stk-4447142-column\">\n<div class=\"wp-block-stackable-column stk-block-column stk-column stk-block stk-abcc759\" data-block-id=\"abcc759\"><style>@media screen and (min-width:768px){.stk-abcc759{flex:1 1 66.7% !important}}<\/style><div class=\"stk-column-wrapper stk-block-column__content stk-container stk-abcc759-container stk--no-background stk--no-padding\"><div class=\"stk-block-content stk-inner-blocks\">\n<p><strong>You can contact us using the form:<\/strong><\/p>\n\n\n<\/div><\/div><\/div>\n\n\n\n<div class=\"wp-block-stackable-column stk-block-column stk-column stk-block stk-b78e129\" data-block-id=\"b78e129\"><style>@media screen and (min-width:768px){.stk-b78e129{flex:1 1 33.3% !important}}<\/style><div class=\"stk-column-wrapper stk-block-column__content stk-container stk-b78e129-container stk--no-background stk--no-padding\"><div class=\"stk-block-content stk-inner-blocks\">\n<p>Principal Investigator:&nbsp;<a rel=\"noreferrer noopener\" href=\"https:\/\/www.researchgate.net\/profile\/Edyta-Wozniak\" target=\"_blank\">Edyta Wo\u017aniak<\/a><br><a rel=\"noreferrer noopener\" href=\"http:\/\/cbkpan.pl\/en\/\" target=\"_blank\">Space Research Centre<\/a><br>Polish Academy of Sciences<\/p>\n\n\n\n<p>Bartycka 18a, 00-716 Warsaw, Poland<br>phone: +48 22 496 62 05<br>fax: +48 22 840 31 31<\/p>\n<\/div><\/div><\/div>\n<\/div><\/div>\n\n\n\n<div class=\"wp-block-stackable-spacer stk-block-spacer stk--no-padding stk-block stk-807b1c2\" data-block-id=\"807b1c2\"><\/div>\n","protected":false},"excerpt":{"rendered":"<p>Contact You can contact us using the form: Principal Investigator:&nbsp;Edyta Wo\u017aniakSpace Research CentrePolish Academy of Sciences Bartycka 18a, 00-716 Warsaw, Polandphone: +48 22 496 62 05fax: +48 22 840 31 31<\/p>\n","protected":false},"author":1,"featured_media":0,"parent":0,"menu_order":0,"comment_status":"closed","ping_status":"closed","template":"","meta":{"_editorskit_title_hidden":false,"_editorskit_reading_time":0,"_editorskit_is_block_options_detached":false,"_editorskit_block_options_position":"{}","_monsterinsights_skip_tracking":false,"_monsterinsights_sitenote_active":false,"_monsterinsights_sitenote_note":"","_monsterinsights_sitenote_category":0,"footnotes":""},"blocksy_meta":{"styles_descriptor":{"styles":{"desktop":"","tablet":"","mobile":""},"google_fonts":[],"version":5},"page_title_panel":"","has_hero_section":"disabled","4ea60e732128217fc83e4aeab91806e4":"","hero_section":"type-1","hero_elements":[{"id":"custom_title","enabled":true,"heading_tag":"h1","title":"Strona g\u0142\u00f3wna"},{"id":"custom_description","enabled":true,"description_visibility":{"desktop":true,"tablet":true,"mobile":false}},{"id":"custom_meta","enabled":false,"meta_elements":[{"id":"author","enabled":true,"label":"Przez","has_author_avatar":"yes","avatar_size":25},{"id":"post_date","enabled":true,"label":"W\u0142\u0105cz","date_format_source":"default","date_format":"M j, Y"},{"id":"updated_date","enabled":false,"label":"W\u0142\u0105cz","date_format_source":"default","date_format":"M j, Y"},{"id":"categories","enabled":false,"label":"W","style":"simple"},{"id":"comments","enabled":true}],"page_meta_elements":{"joined":true,"articles_count":true,"comments":true}},{"id":"breadcrumbs","enabled":false}],"9eff053252b001d003b2dac108a43522":"","hero_alignment1":"CT_CSS_SKIP_RULE","hero_margin":40,"hero_alignment2":"center","hero_vertical_alignment":"center","ada1a7e647ae72d33fa81167af405a8c":"","hero_structure":"narrow","75b28388a4e7b862f376bd2efa882bf5":"","page_title_bg_type":"featured_image","custom_hero_background":{"attachment_id":null},"page_title_image_size":"full","parallax":{"desktop":false,"tablet":false,"mobile":false},"39c28cad67c7eb2283f64cd9842aeef7":"","hero_height":"250px","pageTitleFont":{"family":"Default","variation":"Default","size":"30px","line-height":"CT_CSS_SKIP_RULE","letter-spacing":"CT_CSS_SKIP_RULE","text-transform":"CT_CSS_SKIP_RULE","text-decoration":"CT_CSS_SKIP_RULE"},"pageTitleFontColor":{"default":{"color":"CT_CSS_SKIP_RULEDEFAULT"}},"pageMetaFont":{"family":"Default","variation":"n6","size":"12px","line-height":"1.3","letter-spacing":"CT_CSS_SKIP_RULE","text-transform":"uppercase","text-decoration":"CT_CSS_SKIP_RULE"},"pageMetaFontColor":{"default":{"color":"CT_CSS_SKIP_RULEDEFAULT"},"hover":{"color":"CT_CSS_SKIP_RULEDEFAULT"}},"page_meta_button_type_font_colors":{"default":{"color":"CT_CSS_SKIP_RULEDEFAULT"},"hover":{"color":"CT_CSS_SKIP_RULEDEFAULT"}},"page_meta_button_type_background_colors":{"default":{"color":"CT_CSS_SKIP_RULEDEFAULT"},"hover":{"color":"CT_CSS_SKIP_RULEDEFAULT"}},"pageExcerptFont":{"family":"Default","variation":"Default","size":"CT_CSS_SKIP_RULE","line-height":"CT_CSS_SKIP_RULE","letter-spacing":"CT_CSS_SKIP_RULE","text-transform":"CT_CSS_SKIP_RULE","text-decoration":"CT_CSS_SKIP_RULE"},"pageExcerptColor":{"default":{"color":"CT_CSS_SKIP_RULEDEFAULT"}},"breadcrumbsFont":{"family":"Default","variation":"Default","size":"CT_CSS_SKIP_RULE","line-height":"CT_CSS_SKIP_RULE","letter-spacing":"CT_CSS_SKIP_RULE","text-transform":"CT_CSS_SKIP_RULE","text-decoration":"CT_CSS_SKIP_RULE"},"breadcrumbsFontColor":{"default":{"color":"CT_CSS_SKIP_RULEDEFAULT"},"initial":{"color":"CT_CSS_SKIP_RULEDEFAULT"},"hover":{"color":"CT_CSS_SKIP_RULEDEFAULT"}},"pageTitleOverlay":{"background_type":"color","background_pattern":"type-1","background_image":{"attachment_id":null,"x":0,"y":0},"gradient":"linear-gradient(135deg,rgba(6,147,227,1) 0%,rgb(155,81,224) 100%)","background_repeat":"repeat","background_size":"auto","background_attachment":"scroll","patternColor":{"default":{"color":"#e5e7ea"}},"overlayColor":{"default":{"color":"CT_CSS_SKIP_RULE"}},"backgroundColor":{"default":{"color":"CT_CSS_SKIP_RULE"}}},"pageTitleBackground":{"background_type":"color","background_pattern":"type-1","background_image":{"attachment_id":null,"x":0,"y":0},"gradient":"linear-gradient(135deg,rgba(6,147,227,1) 0%,rgb(155,81,224) 100%)","background_repeat":"repeat","background_size":"auto","background_attachment":"scroll","patternColor":{"default":{"color":"#e5e7ea"}},"overlayColor":{"default":{"color":"CT_CSS_SKIP_RULE"}},"backgroundColor":{"default":{"color":"var(--paletteColor6)"}}},"pageTitlePadding":{"top":"50px","bottom":"50px","left":"auto","right":"auto","linked":true},"3b6465f5088e0649983d37d305d7e6a7":"","page_structure_type":"default","4a8524aa4ba2b75e87a40b5cb6f2fc9a":"","content_style_source":"inherit","content_style":"wide","vertical_spacing_source":"custom","content_area_spacing":"none","background":{"background_type":"color","background_pattern":"type-1","background_image":{"attachment_id":null,"x":0,"y":0},"gradient":"linear-gradient(135deg,rgba(6,147,227,1) 0%,rgb(155,81,224) 100%)","background_repeat":"repeat","background_size":"auto","background_attachment":"scroll","patternColor":{"default":{"color":"#e5e7ea"}},"overlayColor":{"default":{"color":"CT_CSS_SKIP_RULE"}},"backgroundColor":{"default":{"color":"CT_CSS_SKIP_RULE"}}},"content_background":{"background_type":"color","background_pattern":"type-1","background_image":{"attachment_id":null,"x":0,"y":0},"gradient":"linear-gradient(135deg,rgba(6,147,227,1) 0%,rgb(155,81,224) 100%)","background_repeat":"repeat","background_size":"auto","background_attachment":"scroll","patternColor":{"default":{"color":"#e5e7ea"}},"overlayColor":{"default":{"color":"CT_CSS_SKIP_RULE"}},"backgroundColor":{"default":{"color":"var(--paletteColor8)"}}},"content_boxed_shadow":{"inherit":false,"blur":18,"spread":-6,"v_offset":12,"h_offset":0,"inset":false,"enable":true,"color":{"color":"rgba(34, 56, 101, 0.04)"}},"content_boxed_border":{"width":1,"style":"none","color":{"color":"rgba(44,62,80,0.2)"}},"content_boxed_radius":{"top":"3px","bottom":"3px","left":"3px","right":"3px","linked":true},"boxed_content_spacing":{"desktop":{"top":"40px","bottom":"40px","left":"40px","right":"40px","linked":true},"tablet":{"top":"35px","bottom":"35px","left":"35px","right":"35px","linked":true},"mobile":{"top":"20px","bottom":"20px","left":"20px","right":"20px","linked":true}},"bc5ef16b1f4af576c1a50d07a1418759":"","disable_featured_image":"no","disable_share_box":"no","disable_header":"no","disable_footer":"no","f25d67f50d20bb014894aab89e6e78e8":"","5d054367e0580236e02be4b954927e55":"","b5e8625afdcd1b08abb5bb5a765a0f05":"","79c067a20fab6a33dc2040beb91b8ce1":"","af1cad47edf6998c3e8546c53189bbaf":"","654da048bb57ba78d4dd5ffab9c7d17c":"","efd648ec7e6d8ea2cb21fc34353ccde0":"","cdec7165a020923e11561866a294d91d":"","84d6bc75ee5b27525734fba580fa824d":"","a67d8e7dd11125aa7786af3710722eb6":"","7a85d0d1e7244423761128ca88586ac0":"","bcc2543499fbc0c3898736ce51311c64":"","8f023217877b9c1338f720b0c429707b":"","bf24b8bdbacaf22555d9a5b43f7af44e":"","4ed89d8b2a213f521875569d21b8e9f1":"","77d8520e00156135b49f1104d6a89cf0":"","1a09df3a0e8cf957565d5e2e17a2d8c9":"","9da798d370ca0a965bb47d79aee4361c":"","4260e8fccf0bf941943906038a6b2f59":"","32751fae9a5eb51d9bd2e19c6b4c6bd3":"","169160d8a8ec8a598cf3dcfd97580d26":"","a761a0a23a7d60de90199c49f1ec269a":"","d56cfd8c1d6fba6ef66b2df86d349a72":"","4f44b9d71e834bbba34efddb8185c2dd":""},"featured_image_urls":{"full":"","thumbnail":"","medium":"","medium_large":"","large":"","1536x1536":"","2048x2048":""},"post_excerpt_stackable":"<p>Contact You can contact us using the form: Principal Investigator:&nbsp;Edyta Wo\u017aniakSpace Research CentrePolish Academy of Sciences Bartycka 18a, 00-716 Warsaw, Polandphone: +48 22 496 62 05fax: +48 22 840 31 31<\/p>\n","category_list":"","author_info":{"name":"admin","url":"https:\/\/eotist.cbk.waw.pl\/?author=1"},"comments_num":"0 comments","_links":{"self":[{"href":"https:\/\/eotist.cbk.waw.pl\/index.php?rest_route=\/wp\/v2\/pages\/20"}],"collection":[{"href":"https:\/\/eotist.cbk.waw.pl\/index.php?rest_route=\/wp\/v2\/pages"}],"about":[{"href":"https:\/\/eotist.cbk.waw.pl\/index.php?rest_route=\/wp\/v2\/types\/page"}],"author":[{"embeddable":true,"href":"https:\/\/eotist.cbk.waw.pl\/index.php?rest_route=\/wp\/v2\/users\/1"}],"replies":[{"embeddable":true,"href":"https:\/\/eotist.cbk.waw.pl\/index.php?rest_route=%2Fwp%2Fv2%2Fcomments&post=20"}],"version-history":[{"count":38,"href":"https:\/\/eotist.cbk.waw.pl\/index.php?rest_route=\/wp\/v2\/pages\/20\/revisions"}],"predecessor-version":[{"id":1572,"href":"https:\/\/eotist.cbk.waw.pl\/index.php?rest_route=\/wp\/v2\/pages\/20\/revisions\/1572"}],"wp:attachment":[{"href":"https:\/\/eotist.cbk.waw.pl\/index.php?rest_route=%2Fwp%2Fv2%2Fmedia&parent=20"}],"curies":[{"name":"wp","href":"https:\/\/api.w.org\/{rel}","templated":true}]}}